) = 10*j**2 + 4*j + 3. Calculate the remainder when x is divided by k(-1).
5
Let v(q) = 18*q**2 + 10*q. Let a be v(-3). Suppose a = 5*x + z, 4*x - 5*z - 94 = -0*x. Calculate the remainder when x is divided by 7.
5
Let b be 0/(1*-1) + -2. Let r = b + 7. Calculate the remainder when (-2 + 4)*52/8 is divided by r.
3
Suppose 2*n - 3*g = 16 - 2, g - 21 = -3*n. Calculate the remainder when n is divided by (-19)/(-4) + (-2)/(-8).
2
Let j = 53 - 30. What is the remainder when j is divided by (-1334)/(-161) - (-2)/(-7)?
7
Let h(c) = -c - 5. Let o(j) = 3*j + 9. Let i(k) = -5*h(k) - 2*o(k). Let g be i(7). Suppose g = 4*s + s - 40. Calculate the remainder when 13 is divided by s.
5
Let i(l) = -l**3 + 20*l**2 - 71*l + 1. Suppose 7*m = 2*m + 205. What is the remainder when i(6) is divided by m?
38
Suppose -2*l - 2*l - 24 = -2*q, -l + 29 = 3*q. Suppose u - 1 = 4. What is the remainder when 7/(-2 + q/4) is divided by u?
4
Let u be 18/(-63) - 438/(-14). Suppose -17 = -3*q - 71. Let g = q + u. Calculate the remainder when g is divided by 6.
1
Let o(k) = -2*k**3 - 5*k**2 - 3*k - 4. Suppose 495 = -g + 4*g. What is the remainder when g is divided by o(-4)?
53
Let x be (-54)/(-14) - 1/(-7). Let f(m) = m**3 - 4*m**2 + m + 3. Calculate the remainder when 27 is divided by f(x).
6
Let i be 2/(-7) + (-92)/(-28). Suppose -m + d - 1 = -i, 2*m + 2*d = 12. Suppose -m*t = -4 - 40. What is the remainder when 32 is divided by t?
10
Let j = -1177 + 1642. Calculate the remainder when j is divided by 26.
23
Let a(q) = q**3 - 10*q**2 + 10*q - 1. Let i be a(8). Let c = i + 73. Suppose 6*r + c = 9*r. What is the remainder when 23 is divided by r?
7
What is the remainder when (3 + 236 + -1)/((-2)/(-3)) is divided by 91?
84
Suppose 0 = 2*x - 3*w - 194, 0 = -4*x - 6*w + w + 366. Let y = -82 + x. Calculate the remainder when y is divided by 4.
0
Let z = 3 + 0. Suppose 0 = z*c - 29 - 16. Suppose -44 = 3*k - 128. What is the remainder when k is divided by c?
13
Let u = -107 - -111. Calculate the remainder when (-1 + (0 - u))*-3 is divided by 3.
0
Calculate the remainder when (-1)/(1/28*-2) is divided by 6 + 1/(-3)*6.
2
Suppose -17*z = -1744 - 1384. What is the remainder when z is divided by 3?
1
Let d(x) = -x**3 - 33*x**2 - 64*x - 42. What is the remainder when 35 is divided by d(-31)?
15
Let o be 2*20 + -4 + 0. Let a = o - 32. Calculate the remainder when a is divided by 2.
0
Let a = 42 - 24. Suppose -d = -5*l + 325, -l + 0*d = -4*d - 65. What is the remainder when l is divided by a?
11
Let y be ((-100)/8*-2)/1. Let r = y + -13. Suppose 0 = -13*g + r*g + 18. What is the remainder when 53 is divided by g?
17
Suppose -5*r + 1416 = 4*s - 606, -1221 = -3*r - 5*s. What is the remainder when r is divided by 14?
10
Let m be -3 + (2 - 3 - -3 - -33). Suppose -2*i + m = 10. What is the remainder when 19 is divided by i?
8
Let d(l) = 14*l - 71. Calculate the remainder when 297 is divided by d(6).
11
Let l(n) = 12*n**2 - 14*n - 15. Calculate the remainder when 668 is divided by l(-1).
8
Suppose -45*y + 12190 = 445. Calculate the remainder when y is divided by 54.
45
Suppose -5*o - 6 = -3*g + 1, 5 = -o. Let j = g + 15. Let p = j - 8. What is the remainder when 1 is divided by p?
0
Calculate the remainder when 1638/70 + (-6)/(-10) is divided by 22.
2
Let o be 796/12 - 3/9. Suppose -5*g = -3*g - o. Calculate the remainder when g is divided by 12.
9
Suppose -7*s = -2*s + 4*t - 38, 5*t = 4*s - 55. Suppose -5*g + 0*g = -5*c - 25, 0 = -2*g - 5*c + s. Calculate the remainder when 5 is divided by g.
0
Let i = 198 - 91. Calculate the remainder when i is divided by 29.
20
Let q(o) = o**2 + 3*o - 9. Let w be q(-4). Calculate the remainder when (-49)/w + 44/(-55) is divided by 5.
4
Suppose 2*m + 9*r = 14*r + 45, 2*m - 43 = 3*r. Suppose 3*h + 3*p - 228 = 0, -2*h + 56 = 5*p - 87. What is the remainder when h is divided by m?
19
Suppose 0 = -3*w + 2*k + 2, 3 = -k + 8. What is the remainder when 62 is divided by w?
2
Let n(c) = c**2 + 4*c + 32. What is the remainder when n(-5) is divided by 10?
7
What is the remainder when (-3)/2*(-5800)/75 is divided by 10?
6
Let g = 1512 - 1233. What is the remainder when g is divided by 94?
91
Let a(v) = -v**3 + 8*v**2 + 8*v + 12. Let q be -3*(-1)/((-3)/(-9)). What is the remainder when 5 is divided by a(q)?
2
Suppose 0 = m - 275 - 109. Calculate the remainder when m is divided by 55.
54
Suppose -3*i + 62 = -z + 6*z, 35 = 3*z + 4*i. Calculate the remainder when z is divided by 12.
1
Suppose 0 = 13*h - 2*h - 1826. Calculate the remainder when h is divided by 17.
13
Let g be ((-20)/(-6))/(2/3). Let l be -1518*(-4)/32 - 1/(-4). Suppose g*s = 2*n - 7*n + 180, 5*s = 5*n - l. What is the remainder when n is divided by 8?
5
Let z(s) = -10 + 0*s**3 - 5*s - 7*s**3 - 3*s**2 + 8*s**3 - 2*s. Let m be z(6). Suppose -m = -3*h + 124. What is the remainder when h is divided by 21?
18
Let x be (-4)/14 + (-178)/14. Let h = 40 + -5. Let u = x + h. Calculate the remainder when u is divided by 12.
10
Let u(r) be the third derivative of r**6/60 + r**5/30 - r**3/3 + 6*r**2. Let x be u(3). Let c = x + -41. What is the remainder when c is divided by 10?
9
Let t(s) = -s + 10. Let z be t(7). Suppose 0 = 3*h - c - 11, z*h - 3*c - 13 = 2. Suppose -h*q = -11 - 19. Calculate the remainder when 38 is divided by q.
8
Let w(v) = 3*v**2 - 15*v - 30. What is the remainder when 244 is divided by w(7)?
4
Suppose 218 = 4*t + 4*f - 134, -437 = -5*t - 4*f. Calculate the remainder when t is divided by 29.
27
Let j = 103 - 86. Suppose 0 = 4*z - 3*f - 183, -3*z + 0*f + 5*f = -129. Calculate the remainder when z is divided by j.
14
Let a(f) = -4*f + 9*f**2 - f**3 - 4*f**2 + 5*f. Calculate the remainder when ((1 - (-20)/(-16)) + 3)*4 is divided by a(5).
1
Suppose -5*s + 762 = d, 4*s - 2*d = 6*s - 308. What is the remainder when s is divided by 34?
16
Let g(o) = -o**2 + 41*o - 93. What is the remainder when 100 is divided by g(37)?
45
Let s(u) be the third derivative of u**4/8 - 13*u**3/3 + 7*u**2. Calculate the remainder when 98 is divided by s(20).
30
Suppose 6*z = 33 - 9. Calculate the remainder when 12 is divided by z.
0
Let w = 195 + -174. Let s = 46 - -37. Calculate the remainder when s is divided by w.
20
Let t = -221 - -225. What is the remainder when 10 is divided by t?
2
Let g = 79 - 66. Suppose 50 = -0*x + x. Calculate the remainder when x is divided by g.
11
Suppose -y - 3*k = 2*k - 15, -9 = -3*y - 3*k. Calculate the remainder when -1 + (0 - y) + 45 is divided by (4/(-11))/((-9)/33)*12.
12
Suppose 2*y = 5*p - 4, 5*y + 8 = -3*p + y. Suppose -z + 2 = -p. Suppose 3*l = 2*l + z. What is the remainder when 3 is divided by l?
1
Suppose 5*t = -2*p + 33, -5*p = -2*p + 5*t - 52. Suppose p*r - 5*r = 70. What is the remainder when 32 is divided by r?
2
Let d(r) = r**3 + 2*r**2 - 5*r + 4. What is the remainder when 116 is divided by d(2)?
6
Let i(k) be the second derivative of 9*k**5/10 + k. Let d = -29 + 30. What is the remainder when i(d) is divided by 5?
3
Let v(d) = 2*d - 14. What is the remainder when 46 is divided by v(15)?
14
Suppose j + 1599 = -2*j - 2*f, -f = -j - 528. What is the remainder when 71 is divided by (-19)/(-7) + -3 + j/(-21)?
21
Let r = 5 + 10. Suppose -r = 3*n + 21. Calculate the remainder when 1*8 + n/(-4) is divided by 6.
5
Let d(c) = -42*c - 9. Let u be d(-3). Let i = u - 96. Calculate the remainder when i is divided by 14.
7
Let i(n) = -12*n + 155. What is the remainder when 366 is divided by i(11)?
21
Let u = -832 + 841. What is the remainder when 68 is divided by u?
5
Let l be (-30)/(-75) + (-24)/10. Let u(o) = -6*o**3 + 5*o**2 + 6*o + 6. Calculate the remainder when u(l) is divided by 8.
6
Let b be (-16)/(-28) + 96/28. Suppose 10 = -b*d + 2. What is the remainder when 22 is divided by (-6 - -4)/(d/8)?
6
Suppose 3*c + 22 = 5*x, -4*x = -9*x - 4*c - 6. Calculate the remainder when x/((-54)/(-2193)) + 6/(-27) is divided by 7.
4
Suppose -2*w + 67 = -3. Suppose 0 = -8*p + 4*p + 72. Calculate the remainder when w is divided by p.
17
What is the remainder when (146/6)/(1/3) is divided by 0/(1 - -5) - 8 - -19?
7
Let b be 1928/12 + -6 + (-4)/6. Suppose -5*c + 166 = -b. What is the remainder when c is divided by 22?
20
Let s = 24 - 8. Suppose -3*w = -311 + 305. Suppose 4*x = -3*c + 4*c - 93, 0 = 3*c - 